{"id":2700,"date":"2026-04-11T08:45:04","date_gmt":"2026-04-11T08:45:04","guid":{"rendered":"https:\/\/antonius-chor-wettingen.ch\/?post_type=event&#038;p=2700"},"modified":"2026-06-12T13:06:27","modified_gmt":"2026-06-12T13:06:27","slug":"2026-patrozinium-st-anton","status":"publish","type":"event","link":"https:\/\/antonius-chor-wettingen.ch\/index.php\/event\/2026-patrozinium-st-anton\/","title":{"rendered":"2026 Patrozinium St. Anton"},"content":{"rendered":"\n<figure class=\"wp-block-image size-large\"><img loading=\"lazy\" decoding=\"async\" width=\"1024\" height=\"768\" src=\"https:\/\/antonius-chor-wettingen.ch\/wp-content\/uploads\/2024\/07\/2024-06-15_StAnton_70J_JubilaeumPatrozinium-39-1024x768.jpg\" alt=\"\" class=\"wp-image-2008\" srcset=\"https:\/\/antonius-chor-wettingen.ch\/wp-content\/uploads\/2024\/07\/2024-06-15_StAnton_70J_JubilaeumPatrozinium-39-1024x768.jpg 1024w, https:\/\/antonius-chor-wettingen.ch\/wp-content\/uploads\/2024\/07\/2024-06-15_StAnton_70J_JubilaeumPatrozinium-39-300x225.jpg 300w, https:\/\/antonius-chor-wettingen.ch\/wp-content\/uploads\/2024\/07\/2024-06-15_StAnton_70J_JubilaeumPatrozinium-39-768x576.jpg 768w, https:\/\/antonius-chor-wettingen.ch\/wp-content\/uploads\/2024\/07\/2024-06-15_StAnton_70J_JubilaeumPatrozinium-39.jpg 1280w\" sizes=\"auto, (max-width: 1024px) 100vw, 1024px\" \/><\/figure>\n\n\n\n<div style=\"height:100px\" aria-hidden=\"true\" class=\"wp-block-spacer\"><\/div>\n\n\n\n<p class=\"wp-block-paragraph\"><strong>Festgottesdienst mit dem Antonius-Chor<\/strong><\/p>\n\n\n\n<p class=\"wp-block-paragraph\"><p class=\"esf-p-censhare subheadline\">Herzlich willkommen zum Fest und: Mitsingen erlaubt!<\/p><br><p class=\"esf-p-censhare paragraph\">Auch der Antonius-Chor freut sich auf den Festgottesdienst am 13. Juni und aufs gemeinsame Singen eing\u00e4ngiger mitreissender Lieder. Er tr\u00e4gt zudem moderne Chormusik aus der Messe \u00abSo weit der Himmel ist\u00bb bei.<\/p><\/p>\n\n\n\n<p class=\"wp-block-paragraph\"><p class=\"esf-p-censhare paragraph\">Das fr\u00f6hliche Pfarreifest f\u00fcr alle, kulinarisch betreut vom Antoniusteam, der Missione Cattolica, der Jubla St. Anton und dem Glac\u00e9wagen des Pfarreirats St. Sebastian, mit Vorferienstimmung und sch\u00f6nen Begegnungen auf dem Kirchplatz, darf kommen.<\/p><\/p>\n\n\n\n<p class=\"wp-block-paragraph\"><\/p>\n","protected":false},"author":2,"featured_media":0,"menu_order":0,"template":"","meta":{"_acf_changed":false},"event_cat":[],"class_list":["post-2700","event","type-event","status-publish","hentry"],"acf":[],"jetpack_sharing_enabled":true,"_links":{"self":[{"href":"https:\/\/antonius-chor-wettingen.ch\/index.php\/wp-json\/wp\/v2\/event\/2700","targetHints":{"allow":["GET"]}}],"collection":[{"href":"https:\/\/antonius-chor-wettingen.ch\/index.php\/wp-json\/wp\/v2\/event"}],"about":[{"href":"https:\/\/antonius-chor-wettingen.ch\/index.php\/wp-json\/wp\/v2\/types\/event"}],"author":[{"embeddable":true,"href":"https:\/\/antonius-chor-wettingen.ch\/index.php\/wp-json\/wp\/v2\/users\/2"}],"wp:attachment":[{"href":"https:\/\/antonius-chor-wettingen.ch\/index.php\/wp-json\/wp\/v2\/media?parent=2700"}],"wp:term":[{"taxonomy":"event_cat","embeddable":true,"href":"https:\/\/antonius-chor-wettingen.ch\/index.php\/wp-json\/wp\/v2\/event_cat?post=2700"}],"curies":[{"name":"wp","href":"https:\/\/api.w.org\/{rel}","templated":true}]}}

<figure class="wp-block-image size-large"><img loading="lazy" decoding="async" width="1024" height="768" src="https://antonius-chor-wettingen.ch/wp-content/uploads/2024/07/2024-06-15_StAnton_70J_JubilaeumPatrozinium-39-1024x768.jpg" alt="" class="wp-image-2008" srcset="https://antonius-chor-wettingen.ch/wp-content/uploads/2024/07/2024-06-15_StAnton_70J_JubilaeumPatrozinium-39-1024x768.jpg 1024w, https://antonius-chor-wettingen.ch/wp-content/uploads/2024/07/2024-06-15_StAnton_70J_JubilaeumPatrozinium-39-300x225.jpg 300w, https://antonius-chor-wettingen.ch/wp-content/uploads/2024/07/2024-06-15_StAnton_70J_JubilaeumPatrozinium-39-768x576.jpg 768w, https://antonius-chor-wettingen.ch/wp-content/uploads/2024/07/2024-06-15_StAnton_70J_JubilaeumPatrozinium-39.jpg 1280w" sizes="auto, (max-width: 1024px) 100vw, 1024px" /></figure>



<div style="height:100px" aria-hidden="true" class="wp-block-spacer"></div>



<p class="wp-block-paragraph"><strong>Festgottesdienst mit dem Antonius-Chor</strong></p>



<p class="wp-block-paragraph"><p class="esf-p-censhare subheadline">Herzlich willkommen zum Fest und: Mitsingen erlaubt!</p><br><p class="esf-p-censhare paragraph">Auch der Antonius-Chor freut sich auf den Festgottesdienst am 13. Juni und aufs gemeinsame Singen eingängiger mitreissender Lieder. Er trägt zudem moderne Chormusik aus der Messe «So weit der Himmel ist» bei.</p></p>



<p class="wp-block-paragraph"><p class="esf-p-censhare paragraph">Das fröhliche Pfarreifest für alle, kulinarisch betreut vom Antoniusteam, der Missione Cattolica, der Jubla St. Anton und dem Glacéwagen des Pfarreirats St. Sebastian, mit Vorferienstimmung und schönen Begegnungen auf dem Kirchplatz, darf kommen.</p></p>



<p class="wp-block-paragraph"></p>
