{"id":2808,"date":"2026-08-25T08:44:51","date_gmt":"2026-08-25T08:44:51","guid":{"rendered":"https:\/\/antonius-chor-wettingen.ch\/?post_type=event&#038;p=2808"},"modified":"2026-08-25T08:47:06","modified_gmt":"2026-08-25T08:47:06","slug":"weihnachten-2026","status":"publish","type":"event","link":"https:\/\/antonius-chor-wettingen.ch\/index.php\/event\/weihnachten-2026\/","title":{"rendered":"Weihnachten 2026"},"content":{"rendered":"\n<h2 class=\"wp-block-heading\"><em>Karl Kempter: Pastoralmesse in G<\/em><\/h2>\n\n\n\n<p class=\"wp-block-paragraph\"><strong>Karl Kempter (1819\u20131871)<\/strong> war Kirchenmusiker und sp\u00e4ter Domkapellmeister in Augsburg. Seine Pastoralmesse schrieb er mit gerade einmal 31 Jahren; 1851 wur de sie im Augsburger Dom erstmals aufgef\u00fchrt. Urspr\u00fcnglich war sie f\u00fcr die \u201eMissa in aur ora\u201c, die Hirtenmesse am fr\u00fchen Weihnachtsmorgen, gedacht. Bis heute geh\u00f6rt sie vor allem im s\u00fcddeutschen Raum zu den Werken, die f\u00fcr viele Menschen untrennbar mit Weihnachten verbunden sind. Und man versteht schnell, warum. Kempters Musik m\u00f6chte nicht distanziert oder gelehrt wirken. Sie erz\u00e4hlt. Im wiegenden Sechsachteltakt meint man f\u00f6rmlich die Hirten auf dem Weg nach Bethlehem zu h\u00f6ren. Aus dem zun\u00e4chst innigen Kyrie entwickelt sich immer wieder festlicher Jubel; lyrische, beinahe volksliedhafte Melodien wechseln mit kraftvollen Choreins\u00e4tzen. Gerade diese Verbindung von klassischer Kirchenmusik und volkst\u00fcmlich-pastoralen Elementen macht den besonderen Charme der Messe aus.<br><br>F\u00fcr S\u00e4ngerinnen und S\u00e4nger ist die Pastoralmesse besonders dankbar. Sie ist vierstimmig f\u00fcr Sopran, Alt, Tenor und Bass geschrieben und verbindet den Chor mit Solostimmen, Orgel und Orchester.<\/p>\n\n\n\n<p class=\"wp-block-paragraph\"><\/p>\n","protected":false},"author":2,"featured_media":718,"menu_order":0,"template":"","meta":{"_acf_changed":false},"event_cat":[],"class_list":["post-2808","event","type-event","status-publish","has-post-thumbnail","hentry"],"acf":[],"jetpack_sharing_enabled":true,"_links":{"self":[{"href":"https:\/\/antonius-chor-wettingen.ch\/index.php\/wp-json\/wp\/v2\/event\/2808","targetHints":{"allow":["GET"]}}],"collection":[{"href":"https:\/\/antonius-chor-wettingen.ch\/index.php\/wp-json\/wp\/v2\/event"}],"about":[{"href":"https:\/\/antonius-chor-wettingen.ch\/index.php\/wp-json\/wp\/v2\/types\/event"}],"author":[{"embeddable":true,"href":"https:\/\/antonius-chor-wettingen.ch\/index.php\/wp-json\/wp\/v2\/users\/2"}],"wp:featuredmedia":[{"embeddable":true,"href":"https:\/\/antonius-chor-wettingen.ch\/index.php\/wp-json\/wp\/v2\/media\/718"}],"wp:attachment":[{"href":"https:\/\/antonius-chor-wettingen.ch\/index.php\/wp-json\/wp\/v2\/media?parent=2808"}],"wp:term":[{"taxonomy":"event_cat","embeddable":true,"href":"https:\/\/antonius-chor-wettingen.ch\/index.php\/wp-json\/wp\/v2\/event_cat?post=2808"}],"curies":[{"name":"wp","href":"https:\/\/api.w.org\/{rel}","templated":true}]}}

<h2 class="wp-block-heading"><em>Karl Kempter: Pastoralmesse in G</em></h2>



<p class="wp-block-paragraph"><strong>Karl Kempter (1819–1871)</strong> war Kirchenmusiker und später Domkapellmeister in Augsburg. Seine Pastoralmesse schrieb er mit gerade einmal 31 Jahren; 1851 wur de sie im Augsburger Dom erstmals aufgeführt. Ursprünglich war sie für die „Missa in aur ora“, die Hirtenmesse am frühen Weihnachtsmorgen, gedacht. Bis heute gehört sie vor allem im süddeutschen Raum zu den Werken, die für viele Menschen untrennbar mit Weihnachten verbunden sind. Und man versteht schnell, warum. Kempters Musik möchte nicht distanziert oder gelehrt wirken. Sie erzählt. Im wiegenden Sechsachteltakt meint man förmlich die Hirten auf dem Weg nach Bethlehem zu hören. Aus dem zunächst innigen Kyrie entwickelt sich immer wieder festlicher Jubel; lyrische, beinahe volksliedhafte Melodien wechseln mit kraftvollen Choreinsätzen. Gerade diese Verbindung von klassischer Kirchenmusik und volkstümlich-pastoralen Elementen macht den besonderen Charme der Messe aus.<br><br>Für Sängerinnen und Sänger ist die Pastoralmesse besonders dankbar. Sie ist vierstimmig für Sopran, Alt, Tenor und Bass geschrieben und verbindet den Chor mit Solostimmen, Orgel und Orchester.</p>



<p class="wp-block-paragraph"></p>
