{"id":283,"date":"2021-09-13T13:05:32","date_gmt":"2021-09-13T13:05:32","guid":{"rendered":"https:\/\/antonius-chor-wettingen.ch\/?post_type=event&#038;p=283"},"modified":"2024-05-22T09:44:45","modified_gmt":"2024-05-22T09:44:45","slug":"eidgenoessischer-dank-buss-und-bettag-2021","status":"publish","type":"event","link":"https:\/\/antonius-chor-wettingen.ch\/index.php\/event\/eidgenoessischer-dank-buss-und-bettag-2021\/","title":{"rendered":"2021 Oekumenischer Gottesdienst"},"content":{"rendered":"\n<h2 class=\"wp-block-heading\">Eidgen\u00f6ssischer Dank-, Buss- und Bettag<\/h2>\n\n\n\n<figure class=\"wp-block-image size-large\"><img loading=\"lazy\" decoding=\"async\" width=\"1024\" height=\"768\" src=\"https:\/\/antonius-chor-wettingen.ch\/wp-content\/uploads\/2021\/09\/Antonius-Chor-Fuessen-1024x768.jpg\" alt=\"\" class=\"wp-image-288\" srcset=\"https:\/\/antonius-chor-wettingen.ch\/wp-content\/uploads\/2021\/09\/Antonius-Chor-Fuessen-1024x768.jpg 1024w, https:\/\/antonius-chor-wettingen.ch\/wp-content\/uploads\/2021\/09\/Antonius-Chor-Fuessen-300x225.jpg 300w, https:\/\/antonius-chor-wettingen.ch\/wp-content\/uploads\/2021\/09\/Antonius-Chor-Fuessen-768x576.jpg 768w, https:\/\/antonius-chor-wettingen.ch\/wp-content\/uploads\/2021\/09\/Antonius-Chor-Fuessen-1536x1152.jpg 1536w, https:\/\/antonius-chor-wettingen.ch\/wp-content\/uploads\/2021\/09\/Antonius-Chor-Fuessen.jpg 1900w\" sizes=\"auto, (max-width: 1024px) 100vw, 1024px\" \/><figcaption class=\"wp-element-caption\">Antonius-Chor in F\u00fcssen<\/figcaption><\/figure>\n\n\n\n<p class=\"wp-block-paragraph\"><strong><a rel=\"noreferrer noopener\" href=\"https:\/\/www.google.com\/amp\/s\/www.badenertagblatt.ch\/amp\/aargau\/baden\/nationalhymne-dieser-wettinger-kirchenmusiker-hat-dem-schweizerpsalm-ein-neues-kleis-verpasst-ld.2188153\" data-type=\"URL\" data-id=\"https:\/\/www.google.com\/amp\/s\/www.badenertagblatt.ch\/amp\/aargau\/baden\/nationalhymne-dieser-wettinger-kirchenmusiker-hat-dem-schweizerpsalm-ein-neues-kleis-verpasst-ld.2188153\" target=\"_blank\"><span class=\"has-inline-color has-vivid-red-color\">Artikel dazu in der AZ<\/span><\/a><\/strong><\/p>\n\n\n\n<p class=\"wp-block-paragraph\"><\/p>\n\n\n\n<p class=\"wp-block-paragraph\"><\/p>\n\n\n\n<p class=\"wp-block-paragraph\"><strong>NEU-ARRANGIERTER SCHWEIZERPSALM ZUM BETTAG 2021<\/strong><\/p>\n\n\n\n<p class=\"wp-block-paragraph\">Im \u00f6kumenischen Gottesdienst zum diesj\u00e4hrigen Eidg. Bettag in der Klosterkirche Wettingen wird der Antonius-Chor Wettingen zusammen mit dem in der Schweiz und im angrenzenden Ausland bekannten Z\u00fcrcher Bl\u00e4serensemble \u201eQuintetto Inflagranti\u201c erstmals den von Chorleiter Giuseppe Raccuglia neu arrangierten \u201eSCHWEIZER PSALM\u201c f\u00fcr Blechbl\u00e4ser, Orgel und Chor (unisono und 4-stimmig) auff\u00fchren.<\/p>\n\n\n\n<p class=\"wp-block-paragraph\">Die Melodie-Vorlage basiert auf der von P. Alberik Zwyssig im Jahre 1835 komponierte Festmesse mit dem Graduale \u201eDilegam te Domine\u201c. Der Strophentext liegt einem Gedicht von Leonhard Widmer zugrunde.<\/p>\n\n\n\n<p class=\"wp-block-paragraph\">Das Vorspiel tr\u00e4gt das mit zwei Trompeten, Horn und Posaune besetzte Bl\u00e4serensemble vor.<\/p>\n\n\n\n<p class=\"wp-block-paragraph\">Die vier Psalm-Strophen wurden abwechslungsreich arrangiert, sodass die Gemeinde auch zum Mitsingen eingeladen wird. Die zweite Strophe singt der Chor (4-stimmig) alleine, untermalt vom Bl\u00e4serquintett. Die letzte Strophe wird gemeinsam und einstimmig gesungen, begleitet vom Bl\u00e4serquintett als \u00dcberchor im romantisierten Stil.<\/p>\n\n\n\n<p class=\"wp-block-paragraph\">Zu diesem konfessions\u00fcbergreifenden \u00f6kumenischen Gottesdienst laden wir Sie herzlich ein.<\/p>\n\n\n\n<p class=\"wp-block-paragraph\"><strong>Mitwirkende<\/strong><\/p>\n\n\n\n<p class=\"wp-block-paragraph\">Bl\u00e4serensemble \u201eQuintetto Inflagranti Z\u00fcrich\u201c<br>Antonius-Chor Wettingen <br>Orgel: Pamela Schefer <br>Gesamtleitung und Bearbeitung: Giuseppe Raccuglia<\/p>\n\n\n\n<figure class=\"wp-block-image size-full\"><img loading=\"lazy\" decoding=\"async\" width=\"560\" height=\"373\" src=\"https:\/\/antonius-chor-wettingen.ch\/wp-content\/uploads\/2021\/09\/quintettoinflagranti1.jpg\" alt=\"\" class=\"wp-image-290\" srcset=\"https:\/\/antonius-chor-wettingen.ch\/wp-content\/uploads\/2021\/09\/quintettoinflagranti1.jpg 560w, https:\/\/antonius-chor-wettingen.ch\/wp-content\/uploads\/2021\/09\/quintettoinflagranti1-300x200.jpg 300w\" sizes=\"auto, (max-width: 560px) 100vw, 560px\" \/><\/figure>\n","protected":false},"author":2,"featured_media":0,"menu_order":0,"template":"","meta":{"_acf_changed":false},"event_cat":[],"class_list":["post-283","event","type-event","status-publish","hentry"],"acf":[],"jetpack_sharing_enabled":true,"_links":{"self":[{"href":"https:\/\/antonius-chor-wettingen.ch\/index.php\/wp-json\/wp\/v2\/event\/283","targetHints":{"allow":["GET"]}}],"collection":[{"href":"https:\/\/antonius-chor-wettingen.ch\/index.php\/wp-json\/wp\/v2\/event"}],"about":[{"href":"https:\/\/antonius-chor-wettingen.ch\/index.php\/wp-json\/wp\/v2\/types\/event"}],"author":[{"embeddable":true,"href":"https:\/\/antonius-chor-wettingen.ch\/index.php\/wp-json\/wp\/v2\/users\/2"}],"wp:attachment":[{"href":"https:\/\/antonius-chor-wettingen.ch\/index.php\/wp-json\/wp\/v2\/media?parent=283"}],"wp:term":[{"taxonomy":"event_cat","embeddable":true,"href":"https:\/\/antonius-chor-wettingen.ch\/index.php\/wp-json\/wp\/v2\/event_cat?post=283"}],"curies":[{"name":"wp","href":"https:\/\/api.w.org\/{rel}","templated":true}]}}

<h2 class="wp-block-heading">Eidgenössischer Dank-, Buss- und Bettag</h2>



<figure class="wp-block-image size-large"><img loading="lazy" decoding="async" width="1024" height="768" src="https://antonius-chor-wettingen.ch/wp-content/uploads/2021/09/Antonius-Chor-Fuessen-1024x768.jpg" alt="" class="wp-image-288" srcset="https://antonius-chor-wettingen.ch/wp-content/uploads/2021/09/Antonius-Chor-Fuessen-1024x768.jpg 1024w, https://antonius-chor-wettingen.ch/wp-content/uploads/2021/09/Antonius-Chor-Fuessen-300x225.jpg 300w, https://antonius-chor-wettingen.ch/wp-content/uploads/2021/09/Antonius-Chor-Fuessen-768x576.jpg 768w, https://antonius-chor-wettingen.ch/wp-content/uploads/2021/09/Antonius-Chor-Fuessen-1536x1152.jpg 1536w, https://antonius-chor-wettingen.ch/wp-content/uploads/2021/09/Antonius-Chor-Fuessen.jpg 1900w" sizes="auto, (max-width: 1024px) 100vw, 1024px" /><figcaption class="wp-element-caption">Antonius-Chor in Füssen</figcaption></figure>



<p class="wp-block-paragraph"><strong><a rel="noreferrer noopener" href="https://www.google.com/amp/s/www.badenertagblatt.ch/amp/aargau/baden/nationalhymne-dieser-wettinger-kirchenmusiker-hat-dem-schweizerpsalm-ein-neues-kleis-verpasst-ld.2188153" data-type="URL" data-id="https://www.google.com/amp/s/www.badenertagblatt.ch/amp/aargau/baden/nationalhymne-dieser-wettinger-kirchenmusiker-hat-dem-schweizerpsalm-ein-neues-kleis-verpasst-ld.2188153" target="_blank"><span class="has-inline-color has-vivid-red-color">Artikel dazu in der AZ</span></a></strong></p>



<p class="wp-block-paragraph"></p>



<p class="wp-block-paragraph"></p>



<p class="wp-block-paragraph"><strong>NEU-ARRANGIERTER SCHWEIZERPSALM ZUM BETTAG 2021</strong></p>



<p class="wp-block-paragraph">Im ökumenischen Gottesdienst zum diesjährigen Eidg. Bettag in der Klosterkirche Wettingen wird der Antonius-Chor Wettingen zusammen mit dem in der Schweiz und im angrenzenden Ausland bekannten Zürcher Bläserensemble „Quintetto Inflagranti“ erstmals den von Chorleiter Giuseppe Raccuglia neu arrangierten „SCHWEIZER PSALM“ für Blechbläser, Orgel und Chor (unisono und 4-stimmig) aufführen.</p>



<p class="wp-block-paragraph">Die Melodie-Vorlage basiert auf der von P. Alberik Zwyssig im Jahre 1835 komponierte Festmesse mit dem Graduale „Dilegam te Domine“. Der Strophentext liegt einem Gedicht von Leonhard Widmer zugrunde.</p>



<p class="wp-block-paragraph">Das Vorspiel trägt das mit zwei Trompeten, Horn und Posaune besetzte Bläserensemble vor.</p>



<p class="wp-block-paragraph">Die vier Psalm-Strophen wurden abwechslungsreich arrangiert, sodass die Gemeinde auch zum Mitsingen eingeladen wird. Die zweite Strophe singt der Chor (4-stimmig) alleine, untermalt vom Bläserquintett. Die letzte Strophe wird gemeinsam und einstimmig gesungen, begleitet vom Bläserquintett als Überchor im romantisierten Stil.</p>



<p class="wp-block-paragraph">Zu diesem konfessionsübergreifenden ökumenischen Gottesdienst laden wir Sie herzlich ein.</p>



<p class="wp-block-paragraph"><strong>Mitwirkende</strong></p>



<p class="wp-block-paragraph">Bläserensemble „Quintetto Inflagranti Zürich“<br>Antonius-Chor Wettingen <br>Orgel: Pamela Schefer <br>Gesamtleitung und Bearbeitung: Giuseppe Raccuglia</p>



<figure class="wp-block-image size-full"><img loading="lazy" decoding="async" width="560" height="373" src="https://antonius-chor-wettingen.ch/wp-content/uploads/2021/09/quintettoinflagranti1.jpg" alt="" class="wp-image-290" srcset="https://antonius-chor-wettingen.ch/wp-content/uploads/2021/09/quintettoinflagranti1.jpg 560w, https://antonius-chor-wettingen.ch/wp-content/uploads/2021/09/quintettoinflagranti1-300x200.jpg 300w" sizes="auto, (max-width: 560px) 100vw, 560px" /></figure>
