{"id":302,"date":"2021-09-13T14:21:26","date_gmt":"2021-09-13T14:21:26","guid":{"rendered":"https:\/\/antonius-chor-wettingen.ch\/?post_type=event&#038;p=302"},"modified":"2024-05-22T09:42:36","modified_gmt":"2024-05-22T09:42:36","slug":"weihnachtsgottesdienst-an-heiligabend","status":"publish","type":"event","link":"https:\/\/antonius-chor-wettingen.ch\/index.php\/event\/weihnachtsgottesdienst-an-heiligabend\/","title":{"rendered":"2021 Weihnachtsgottesdienst an Heiligabend"},"content":{"rendered":"\n<h2 class=\"wp-block-heading\">Oratorio de Noel von Camille Saint-Saens<\/h2>\n\n\n\n<figure class=\"wp-block-image size-large\"><img loading=\"lazy\" decoding=\"async\" width=\"1024\" height=\"547\" src=\"https:\/\/antonius-chor-wettingen.ch\/wp-content\/uploads\/2021\/09\/Kirche-StAnton-Winter-1024x547.jpg\" alt=\"\" class=\"wp-image-303\" srcset=\"https:\/\/antonius-chor-wettingen.ch\/wp-content\/uploads\/2021\/09\/Kirche-StAnton-Winter-1024x547.jpg 1024w, https:\/\/antonius-chor-wettingen.ch\/wp-content\/uploads\/2021\/09\/Kirche-StAnton-Winter-300x160.jpg 300w, https:\/\/antonius-chor-wettingen.ch\/wp-content\/uploads\/2021\/09\/Kirche-StAnton-Winter-768x410.jpg 768w, https:\/\/antonius-chor-wettingen.ch\/wp-content\/uploads\/2021\/09\/Kirche-StAnton-Winter-1536x821.jpg 1536w, https:\/\/antonius-chor-wettingen.ch\/wp-content\/uploads\/2021\/09\/Kirche-StAnton-Winter-2048x1094.jpg 2048w\" sizes=\"auto, (max-width: 1024px) 100vw, 1024px\" \/><\/figure>\n\n\n\n<p class=\"wp-block-paragraph\"><\/p>\n\n\n\n<h4 class=\"wp-block-heading\"><em>\u00abOratorio de No\u00ebl\u00bb <\/em>op.12 &#8211; Weihnachtsoratorium<\/h4>\n\n\n\n<p class=\"wp-block-paragraph\">Am Heiligen Abend singt der Antonius-Chor in der Mitternachtsmesse das Oratorio de No\u00ebl von Camille Saint-Sa\u00ebns. Dem Werk liegen biblische Texte des Alten und des Neuen Testaments zugrunde, die sich auf das Ereignis der Geburt Christi beziehen. Die Texte erklingen in lateinischer Sprache. Das aus zehn S\u00e4tzen bestehende Oratorium verlangt eine Besetzung f\u00fcr Chor, f\u00fcnf Solisten, Streichquintett, Harfe und Orgel. Das Weihnachtsoratorium ist ein Jugendwerk des 1835 geborenen franz\u00f6sischen Komponisten. Es entstand Ende der 1850er Jahre, war 1860 vollendet und wurde am 15. Dezember 1869 in der Pariser Kirche La Madeleine uraufgef\u00fchrt, wo Saint-Sa\u00ebns als Organist wirkte.<\/p>\n\n\n\n<p class=\"wp-block-paragraph\">Die Mitwirkenden sind:<\/p>\n\n\n\n<p class=\"wp-block-paragraph\">Antonius-Chor mit G\u00e4sten; Vokalsolisten<\/p>\n\n\n\n<p class=\"wp-block-paragraph\">Streichquintett, Orgel und Harfe.<\/p>\n\n\n\n<p class=\"wp-block-paragraph\">Giuseppe Raccuglia, Leitung<\/p>\n","protected":false},"author":2,"featured_media":0,"menu_order":0,"template":"","meta":{"_acf_changed":false},"event_cat":[],"class_list":["post-302","event","type-event","status-publish","hentry"],"acf":[],"jetpack_sharing_enabled":true,"_links":{"self":[{"href":"https:\/\/antonius-chor-wettingen.ch\/index.php\/wp-json\/wp\/v2\/event\/302","targetHints":{"allow":["GET"]}}],"collection":[{"href":"https:\/\/antonius-chor-wettingen.ch\/index.php\/wp-json\/wp\/v2\/event"}],"about":[{"href":"https:\/\/antonius-chor-wettingen.ch\/index.php\/wp-json\/wp\/v2\/types\/event"}],"author":[{"embeddable":true,"href":"https:\/\/antonius-chor-wettingen.ch\/index.php\/wp-json\/wp\/v2\/users\/2"}],"wp:attachment":[{"href":"https:\/\/antonius-chor-wettingen.ch\/index.php\/wp-json\/wp\/v2\/media?parent=302"}],"wp:term":[{"taxonomy":"event_cat","embeddable":true,"href":"https:\/\/antonius-chor-wettingen.ch\/index.php\/wp-json\/wp\/v2\/event_cat?post=302"}],"curies":[{"name":"wp","href":"https:\/\/api.w.org\/{rel}","templated":true}]}}

<h2 class="wp-block-heading">Oratorio de Noel von Camille Saint-Saens</h2>



<figure class="wp-block-image size-large"><img loading="lazy" decoding="async" width="1024" height="547" src="https://antonius-chor-wettingen.ch/wp-content/uploads/2021/09/Kirche-StAnton-Winter-1024x547.jpg" alt="" class="wp-image-303" srcset="https://antonius-chor-wettingen.ch/wp-content/uploads/2021/09/Kirche-StAnton-Winter-1024x547.jpg 1024w, https://antonius-chor-wettingen.ch/wp-content/uploads/2021/09/Kirche-StAnton-Winter-300x160.jpg 300w, https://antonius-chor-wettingen.ch/wp-content/uploads/2021/09/Kirche-StAnton-Winter-768x410.jpg 768w, https://antonius-chor-wettingen.ch/wp-content/uploads/2021/09/Kirche-StAnton-Winter-1536x821.jpg 1536w, https://antonius-chor-wettingen.ch/wp-content/uploads/2021/09/Kirche-StAnton-Winter-2048x1094.jpg 2048w" sizes="auto, (max-width: 1024px) 100vw, 1024px" /></figure>



<p class="wp-block-paragraph"></p>



<h4 class="wp-block-heading"><em>«Oratorio de Noël» </em>op.12 &#8211; Weihnachtsoratorium</h4>



<p class="wp-block-paragraph">Am Heiligen Abend singt der Antonius-Chor in der Mitternachtsmesse das Oratorio de Noël von Camille Saint-Saëns. Dem Werk liegen biblische Texte des Alten und des Neuen Testaments zugrunde, die sich auf das Ereignis der Geburt Christi beziehen. Die Texte erklingen in lateinischer Sprache. Das aus zehn Sätzen bestehende Oratorium verlangt eine Besetzung für Chor, fünf Solisten, Streichquintett, Harfe und Orgel. Das Weihnachtsoratorium ist ein Jugendwerk des 1835 geborenen französischen Komponisten. Es entstand Ende der 1850er Jahre, war 1860 vollendet und wurde am 15. Dezember 1869 in der Pariser Kirche La Madeleine uraufgeführt, wo Saint-Saëns als Organist wirkte.</p>



<p class="wp-block-paragraph">Die Mitwirkenden sind:</p>



<p class="wp-block-paragraph">Antonius-Chor mit Gästen; Vokalsolisten</p>



<p class="wp-block-paragraph">Streichquintett, Orgel und Harfe.</p>



<p class="wp-block-paragraph">Giuseppe Raccuglia, Leitung</p>
