{"id":367,"date":"2022-07-03T13:24:37","date_gmt":"2022-07-03T13:24:37","guid":{"rendered":"https:\/\/antonius-chor-wettingen.ch\/?post_type=event&#038;p=367"},"modified":"2024-05-22T09:38:15","modified_gmt":"2024-05-22T09:38:15","slug":"gottesdienst-zum-patrozinium-des-klosters-wettingen","status":"publish","type":"event","link":"https:\/\/antonius-chor-wettingen.ch\/index.php\/event\/gottesdienst-zum-patrozinium-des-klosters-wettingen\/","title":{"rendered":"2022 Gottesdienst zum Patrozinium des Klosters Wettingen"},"content":{"rendered":"\n<figure class=\"wp-block-image size-large\"><img loading=\"lazy\" decoding=\"async\" width=\"1024\" height=\"599\" src=\"https:\/\/antonius-chor-wettingen.ch\/wp-content\/uploads\/2021\/09\/Kloster-Wettingen-1024x599.jpg\" alt=\"\" class=\"wp-image-292\" srcset=\"https:\/\/antonius-chor-wettingen.ch\/wp-content\/uploads\/2021\/09\/Kloster-Wettingen-1024x599.jpg 1024w, https:\/\/antonius-chor-wettingen.ch\/wp-content\/uploads\/2021\/09\/Kloster-Wettingen-300x175.jpg 300w, https:\/\/antonius-chor-wettingen.ch\/wp-content\/uploads\/2021\/09\/Kloster-Wettingen-768x449.jpg 768w, https:\/\/antonius-chor-wettingen.ch\/wp-content\/uploads\/2021\/09\/Kloster-Wettingen-1536x898.jpg 1536w, https:\/\/antonius-chor-wettingen.ch\/wp-content\/uploads\/2021\/09\/Kloster-Wettingen.jpg 1900w\" sizes=\"auto, (max-width: 1024px) 100vw, 1024px\" \/><\/figure>\n\n\n\n<p class=\"wp-block-paragraph\"><strong><strong>Joseph Haydn: <em>Missa brevis in F-Dur <\/em>(Jugendmesse)<\/strong><\/strong><\/p>\n\n\n\n<p class=\"wp-block-paragraph\">Die <em>Missa Brevis in F-Dur<\/em>, auch genannt Jugendmesse, ist neben der <em>Missa Rorate coeli desuper <\/em>eine der fr\u00fchesten Messkompositionen von J. Haydn.<\/p>\n\n\n\n<p class=\"wp-block-paragraph\">Sie wurde im Jahr 1749 komponiert als der 17-j\u00e4hrige Haydn noch S\u00e4ngerknabe in Wien war. Sie ist f\u00fcr zwei Sopransolisten, 2 Violinen, Basso Continuo und Chor komponiert. Es ist denkbar, dass Haydn diese Messe f\u00fcr sich selbst und f\u00fcr seinen Bruder Michael komponiert hatte. Beide waren n\u00e4mlich Solisten bei den S\u00e4ngerknaben.<br><br>Um die gleiche Zeit befasste sich Papst Benedikt der XV mit seiner Enzyklika \u201e<em>Annus qui\u201c <\/em>mit Fragen der Kirchenmusik, bei der er fordert, dass die liturgische Musik durch einfache musikalische Ausdrucksmittel ihre Aufgabe erf\u00fcllen soll.<\/p>\n","protected":false},"author":2,"featured_media":0,"menu_order":0,"template":"","meta":{"_acf_changed":false},"event_cat":[],"class_list":["post-367","event","type-event","status-publish","hentry"],"acf":[],"jetpack_sharing_enabled":true,"_links":{"self":[{"href":"https:\/\/antonius-chor-wettingen.ch\/index.php\/wp-json\/wp\/v2\/event\/367","targetHints":{"allow":["GET"]}}],"collection":[{"href":"https:\/\/antonius-chor-wettingen.ch\/index.php\/wp-json\/wp\/v2\/event"}],"about":[{"href":"https:\/\/antonius-chor-wettingen.ch\/index.php\/wp-json\/wp\/v2\/types\/event"}],"author":[{"embeddable":true,"href":"https:\/\/antonius-chor-wettingen.ch\/index.php\/wp-json\/wp\/v2\/users\/2"}],"wp:attachment":[{"href":"https:\/\/antonius-chor-wettingen.ch\/index.php\/wp-json\/wp\/v2\/media?parent=367"}],"wp:term":[{"taxonomy":"event_cat","embeddable":true,"href":"https:\/\/antonius-chor-wettingen.ch\/index.php\/wp-json\/wp\/v2\/event_cat?post=367"}],"curies":[{"name":"wp","href":"https:\/\/api.w.org\/{rel}","templated":true}]}}

<figure class="wp-block-image size-large"><img loading="lazy" decoding="async" width="1024" height="599" src="https://antonius-chor-wettingen.ch/wp-content/uploads/2021/09/Kloster-Wettingen-1024x599.jpg" alt="" class="wp-image-292" srcset="https://antonius-chor-wettingen.ch/wp-content/uploads/2021/09/Kloster-Wettingen-1024x599.jpg 1024w, https://antonius-chor-wettingen.ch/wp-content/uploads/2021/09/Kloster-Wettingen-300x175.jpg 300w, https://antonius-chor-wettingen.ch/wp-content/uploads/2021/09/Kloster-Wettingen-768x449.jpg 768w, https://antonius-chor-wettingen.ch/wp-content/uploads/2021/09/Kloster-Wettingen-1536x898.jpg 1536w, https://antonius-chor-wettingen.ch/wp-content/uploads/2021/09/Kloster-Wettingen.jpg 1900w" sizes="auto, (max-width: 1024px) 100vw, 1024px" /></figure>



<p class="wp-block-paragraph"><strong><strong>Joseph Haydn: <em>Missa brevis in F-Dur </em>(Jugendmesse)</strong></strong></p>



<p class="wp-block-paragraph">Die <em>Missa Brevis in F-Dur</em>, auch genannt Jugendmesse, ist neben der <em>Missa Rorate coeli desuper </em>eine der frühesten Messkompositionen von J. Haydn.</p>



<p class="wp-block-paragraph">Sie wurde im Jahr 1749 komponiert als der 17-jährige Haydn noch Sängerknabe in Wien war. Sie ist für zwei Sopransolisten, 2 Violinen, Basso Continuo und Chor komponiert. Es ist denkbar, dass Haydn diese Messe für sich selbst und für seinen Bruder Michael komponiert hatte. Beide waren nämlich Solisten bei den Sängerknaben.<br><br>Um die gleiche Zeit befasste sich Papst Benedikt der XV mit seiner Enzyklika „<em>Annus qui“ </em>mit Fragen der Kirchenmusik, bei der er fordert, dass die liturgische Musik durch einfache musikalische Ausdrucksmittel ihre Aufgabe erfüllen soll.</p>
