{"id":395,"date":"2022-12-16T14:32:30","date_gmt":"2022-12-16T14:32:30","guid":{"rendered":"https:\/\/antonius-chor-wettingen.ch\/?post_type=event&#038;p=395"},"modified":"2024-05-22T09:37:45","modified_gmt":"2024-05-22T09:37:45","slug":"weihnachtsgottesdienst-in-st-anton-wettingen","status":"publish","type":"event","link":"https:\/\/antonius-chor-wettingen.ch\/index.php\/event\/weihnachtsgottesdienst-in-st-anton-wettingen\/","title":{"rendered":"2022 Weihnachtsgottesdienst St. Anton &#8211; Wettingen"},"content":{"rendered":"\n<figure class=\"wp-block-image size-large\"><img loading=\"lazy\" decoding=\"async\" width=\"1024\" height=\"768\" src=\"https:\/\/antonius-chor-wettingen.ch\/wp-content\/uploads\/2022\/12\/Chor-2020-1024x768.jpg\" alt=\"\" class=\"wp-image-396\" srcset=\"https:\/\/antonius-chor-wettingen.ch\/wp-content\/uploads\/2022\/12\/Chor-2020-1024x768.jpg 1024w, https:\/\/antonius-chor-wettingen.ch\/wp-content\/uploads\/2022\/12\/Chor-2020-300x225.jpg 300w, https:\/\/antonius-chor-wettingen.ch\/wp-content\/uploads\/2022\/12\/Chor-2020-768x576.jpg 768w, https:\/\/antonius-chor-wettingen.ch\/wp-content\/uploads\/2022\/12\/Chor-2020-1536x1152.jpg 1536w, https:\/\/antonius-chor-wettingen.ch\/wp-content\/uploads\/2022\/12\/Chor-2020-2048x1536.jpg 2048w\" sizes=\"auto, (max-width: 1024px) 100vw, 1024px\" \/><\/figure>\n\n\n\n<p class=\"wp-block-paragraph\">Der s\u00fcddeutsche Romantiker Karl Kempter ist gewiss nicht einer der ber\u00fchmtesten Komponisten. Aber seine Weihnachtsmesse darf als gegl\u00fccktes Werk angesehen werden. Hier hat er Musik geschrieben, die unmittelbar zu Herzen geht. Mit dem Typus der Pastoralmesse kn\u00fcpft er an eine lange Tradition von \u00abHirtenmessen\u00bb an, die das Musizieren der Hirten zu Bethlehem veranschaulichen. Deshalb treten zum Streichquartett auch ein Trio mit einer Fl\u00f6te und zwei Klarinetten.<\/p>\n\n\n\n<p class=\"wp-block-paragraph\">Der Antonius-Chor, die Vokalsolisten Liv Kriesi (Sopran), Margo Cadias (Alt), Fabio de Giacomi (Tenor) und Erich Bieri (Bass) sowie ein Instrumentalensemble musizieren unter der Leitung von Thomas Schacher.<\/p>\n","protected":false},"author":2,"featured_media":0,"menu_order":0,"template":"","meta":{"_acf_changed":false},"event_cat":[],"class_list":["post-395","event","type-event","status-publish","hentry"],"acf":[],"jetpack_sharing_enabled":true,"_links":{"self":[{"href":"https:\/\/antonius-chor-wettingen.ch\/index.php\/wp-json\/wp\/v2\/event\/395","targetHints":{"allow":["GET"]}}],"collection":[{"href":"https:\/\/antonius-chor-wettingen.ch\/index.php\/wp-json\/wp\/v2\/event"}],"about":[{"href":"https:\/\/antonius-chor-wettingen.ch\/index.php\/wp-json\/wp\/v2\/types\/event"}],"author":[{"embeddable":true,"href":"https:\/\/antonius-chor-wettingen.ch\/index.php\/wp-json\/wp\/v2\/users\/2"}],"wp:attachment":[{"href":"https:\/\/antonius-chor-wettingen.ch\/index.php\/wp-json\/wp\/v2\/media?parent=395"}],"wp:term":[{"taxonomy":"event_cat","embeddable":true,"href":"https:\/\/antonius-chor-wettingen.ch\/index.php\/wp-json\/wp\/v2\/event_cat?post=395"}],"curies":[{"name":"wp","href":"https:\/\/api.w.org\/{rel}","templated":true}]}}

<figure class="wp-block-image size-large"><img loading="lazy" decoding="async" width="1024" height="768" src="https://antonius-chor-wettingen.ch/wp-content/uploads/2022/12/Chor-2020-1024x768.jpg" alt="" class="wp-image-396" srcset="https://antonius-chor-wettingen.ch/wp-content/uploads/2022/12/Chor-2020-1024x768.jpg 1024w, https://antonius-chor-wettingen.ch/wp-content/uploads/2022/12/Chor-2020-300x225.jpg 300w, https://antonius-chor-wettingen.ch/wp-content/uploads/2022/12/Chor-2020-768x576.jpg 768w, https://antonius-chor-wettingen.ch/wp-content/uploads/2022/12/Chor-2020-1536x1152.jpg 1536w, https://antonius-chor-wettingen.ch/wp-content/uploads/2022/12/Chor-2020-2048x1536.jpg 2048w" sizes="auto, (max-width: 1024px) 100vw, 1024px" /></figure>



<p class="wp-block-paragraph">Der süddeutsche Romantiker Karl Kempter ist gewiss nicht einer der berühmtesten Komponisten. Aber seine Weihnachtsmesse darf als geglücktes Werk angesehen werden. Hier hat er Musik geschrieben, die unmittelbar zu Herzen geht. Mit dem Typus der Pastoralmesse knüpft er an eine lange Tradition von «Hirtenmessen» an, die das Musizieren der Hirten zu Bethlehem veranschaulichen. Deshalb treten zum Streichquartett auch ein Trio mit einer Flöte und zwei Klarinetten.</p>



<p class="wp-block-paragraph">Der Antonius-Chor, die Vokalsolisten Liv Kriesi (Sopran), Margo Cadias (Alt), Fabio de Giacomi (Tenor) und Erich Bieri (Bass) sowie ein Instrumentalensemble musizieren unter der Leitung von Thomas Schacher.</p>
