{"id":149,"date":"2020-09-20T10:54:20","date_gmt":"2020-09-20T10:54:20","guid":{"rendered":"https:\/\/antonius-chor-wettingen.ch\/?page_id=149"},"modified":"2025-12-30T09:13:02","modified_gmt":"2025-12-30T09:13:02","slug":"mitglieder-des-antonius-chors","status":"publish","type":"page","link":"https:\/\/antonius-chor-wettingen.ch\/index.php\/ueber-uns\/mitglieder-des-antonius-chors\/","title":{"rendered":"Mitglieder des Antonius-Chors"},"content":{"rendered":"\n<figure class=\"wp-block-table\"><table class=\"has-fixed-layout\"><tbody><tr><td><strong>Sopran<\/strong><\/td><td>Antener Monika<br>Baldi Emilia<br>Birrer Nelly<br>Holenstein Vren<br>Hrynko Tetiana<br>Jetel Lara<br>Jost Elsbeth<br>Luongo Inge<br>Tr\u00fcssel Elsi<br>Seiler Rita<\/td><\/tr><tr><td><strong>Alt<\/strong><\/td><td>Hassler Ingrid<br>M\u00fcller Helen<br>Regensburger Agnes<br>Reinert Marie Louise<br>Wildi Rita<\/td><\/tr><tr><td><strong>Tenor<\/strong><\/td><td>Bellafiore Riccardo<br>Holenstein Markus<br>M\u00fcller Peter<br>Weibel Gerhard<\/td><\/tr><tr><td><strong>Bass<\/strong><\/td><td>Amman Heiner<br>Aridy Philippe<br>Bucher Christoph<br>Jost Hugo<br>Vitez Charles<br>W\u00fcrsch Walter<\/td><\/tr><\/tbody><\/table><\/figure>\n\n\n\n<p class=\"wp-block-paragraph\"><\/p>\n","protected":false},"excerpt":{"rendered":"<p>Sopran Antener MonikaBaldi EmiliaBirrer NellyHolenstein VrenHrynko TetianaJetel LaraJost ElsbethLuongo IngeTr\u00fcssel ElsiSeiler Rita Alt Hassler IngridM\u00fcller HelenRegensburger AgnesReinert Marie LouiseWildi Rita Tenor Bellafiore RiccardoHolenstein MarkusM\u00fcller PeterWeibel Gerhard Bass Amman HeinerAridy PhilippeBucher ChristophJost HugoVitez CharlesW\u00fcrsch Walter<\/p>\n","protected":false},"author":1,"featured_media":0,"parent":12,"menu_order":0,"comment_status":"closed","ping_status":"closed","template":"","meta":{"_acf_changed":false,"footnotes":""},"class_list":["post-149","page","type-page","status-publish"],"acf":[],"jetpack_sharing_enabled":true,"_links":{"self":[{"href":"https:\/\/antonius-chor-wettingen.ch\/index.php\/wp-json\/wp\/v2\/pages\/149","targetHints":{"allow":["GET"]}}],"collection":[{"href":"https:\/\/antonius-chor-wettingen.ch\/index.php\/wp-json\/wp\/v2\/pages"}],"about":[{"href":"https:\/\/antonius-chor-wettingen.ch\/index.php\/wp-json\/wp\/v2\/types\/page"}],"author":[{"embeddable":true,"href":"https:\/\/antonius-chor-wettingen.ch\/index.php\/wp-json\/wp\/v2\/users\/1"}],"replies":[{"embeddable":true,"href":"https:\/\/antonius-chor-wettingen.ch\/index.php\/wp-json\/wp\/v2\/comments?post=149"}],"version-history":[{"count":12,"href":"https:\/\/antonius-chor-wettingen.ch\/index.php\/wp-json\/wp\/v2\/pages\/149\/revisions"}],"predecessor-version":[{"id":2608,"href":"https:\/\/antonius-chor-wettingen.ch\/index.php\/wp-json\/wp\/v2\/pages\/149\/revisions\/2608"}],"up":[{"embeddable":true,"href":"https:\/\/antonius-chor-wettingen.ch\/index.php\/wp-json\/wp\/v2\/pages\/12"}],"wp:attachment":[{"href":"https:\/\/antonius-chor-wettingen.ch\/index.php\/wp-json\/wp\/v2\/media?parent=149"}],"curies":[{"name":"wp","href":"https:\/\/api.w.org\/{rel}","templated":true}]}}

<figure class="wp-block-table"><table class="has-fixed-layout"><tbody><tr><td><strong>Sopran</strong></td><td>Antener Monika<br>Baldi Emilia<br>Birrer Nelly<br>Holenstein Vren<br>Hrynko Tetiana<br>Jetel Lara<br>Jost Elsbeth<br>Luongo Inge<br>Trüssel Elsi<br>Seiler Rita</td></tr><tr><td><strong>Alt</strong></td><td>Hassler Ingrid<br>Müller Helen<br>Regensburger Agnes<br>Reinert Marie Louise<br>Wildi Rita</td></tr><tr><td><strong>Tenor</strong></td><td>Bellafiore Riccardo<br>Holenstein Markus<br>Müller Peter<br>Weibel Gerhard</td></tr><tr><td><strong>Bass</strong></td><td>Amman Heiner<br>Aridy Philippe<br>Bucher Christoph<br>Jost Hugo<br>Vitez Charles<br>Würsch Walter</td></tr></tbody></table></figure>



<p class="wp-block-paragraph"></p>

<p>Sopran Antener MonikaBaldi EmiliaBirrer NellyHolenstein VrenHrynko TetianaJetel LaraJost ElsbethLuongo IngeTrüssel ElsiSeiler Rita Alt Hassler IngridMüller HelenRegensburger AgnesReinert Marie LouiseWildi Rita Tenor Bellafiore RiccardoHolenstein MarkusMüller PeterWeibel Gerhard Bass Amman HeinerAridy PhilippeBucher ChristophJost HugoVitez CharlesWürsch Walter</p>
