{"id":43,"date":"2020-09-19T13:38:15","date_gmt":"2020-09-19T13:38:15","guid":{"rendered":"https:\/\/antonius-chor-wettingen.ch\/?page_id=43"},"modified":"2026-02-23T15:56:27","modified_gmt":"2026-02-23T15:56:27","slug":"chorportrat","status":"publish","type":"page","link":"https:\/\/antonius-chor-wettingen.ch\/index.php\/ueber-uns\/chorportrat\/","title":{"rendered":"Chorportr\u00e4t"},"content":{"rendered":"\n<p class=\"wp-block-paragraph\">Der Antonius-Chor ist der Kirchenchor der katholischen Pfarrei St. Anton in Wettingen. Gegr\u00fcndet wurde der Chor vom damaligen Pfarrer Alois Keusch im Jahr 1954. Im gleichen Jahr wurde auch die neugebaute Kirche St. Anton eingeweiht. Die bisherigen Dirigenten waren Edibert Herzog, Leo Steinmann, Konstantin Keiser und Thomas Schacher (1996\u20132018) und Giuseppe Raccuglia.  Seit Januar 2023 wird der Chor von Margit Klusch geleitet.<\/p>\n\n\n\n<p class=\"wp-block-paragraph\">Der Antonius-Chor z\u00e4hlt heute 25 Mitglieder. Bei den gr\u00f6sseren kirchenmusikalischen Projekten k\u00f6nnen wir auf einen Pool von Gasts\u00e4ngerinnen und Gasts\u00e4ngern zur\u00fcckgreifen. Das Repertoire ist stilistisch vielf\u00e4ltig und erstreckt sich vom gregorianischen Choral bis zu &#8222;Rise up&#8220;-Liedern. H\u00f6hepunkte bilden jeweils die Orchestermessen zu Weihnachten, Ostern oder Pfingsten. Bei besonderen Gelegenheiten tritt der Chor auch konzertant auf. Im September 2014 feierten wir den 60.Geburtstag von Chor und Pfarrei mit einem Gemeinschaftskonzert, bei dem auch der Kirchenchor C\u00e4cilia Spreitenbach und die Bridge Singers W\u00fcrenlos mitwirkten.<\/p>\n\n\n\n<h2 class=\"wp-block-heading\">Geschichte<\/h2>\n\n\n\n<p class=\"wp-block-paragraph\"><em>(Text zum Pfarrei- und Chorjubil\u00e4um 2004)<\/em><\/p>\n\n\n\n<p class=\"wp-block-paragraph\">Nicht nur die Pfarrei St.Anton jubiliert dieses Jahr. Auch der Kirchenchor ist ein halbes Jahrhundert alt. Ein Grund, etwas R\u00fcckschau zu halten &#8230; <a href=\"https:\/\/antonius-chor-wettingen.ch\/wp-content\/uploads\/2024\/09\/50-JahrJubilaeum-Antonius-Chor.pdf\" target=\"_blank\" rel=\"noreferrer noopener\">mehr<\/a><\/p>\n\n\n\n<p class=\"wp-block-paragraph\"><\/p>\n","protected":false},"excerpt":{"rendered":"<p>Der Antonius-Chor ist der Kirchenchor der katholischen Pfarrei St. Anton in Wettingen. Gegr\u00fcndet wurde der Chor vom damaligen Pfarrer Alois Keusch im Jahr 1954. Im gleichen Jahr wurde auch die neugebaute Kirche St. Anton eingeweiht. Die bisherigen Dirigenten waren Edibert Herzog, Leo Steinmann, Konstantin Keiser und Thomas Schacher (1996\u20132018) und Giuseppe Raccuglia. Seit Januar 2023 &#8230; <a title=\"Chorportr\u00e4t\" class=\"read-more\" href=\"https:\/\/antonius-chor-wettingen.ch\/index.php\/ueber-uns\/chorportrat\/\">Weiterlesen <span class=\"screen-reader-text\">Chorportr\u00e4t<\/span><\/a><\/p>\n","protected":false},"author":1,"featured_media":0,"parent":12,"menu_order":3,"comment_status":"closed","ping_status":"closed","template":"","meta":{"_acf_changed":false,"footnotes":""},"class_list":["post-43","page","type-page","status-publish"],"acf":[],"jetpack_sharing_enabled":true,"_links":{"self":[{"href":"https:\/\/antonius-chor-wettingen.ch\/index.php\/wp-json\/wp\/v2\/pages\/43","targetHints":{"allow":["GET"]}}],"collection":[{"href":"https:\/\/antonius-chor-wettingen.ch\/index.php\/wp-json\/wp\/v2\/pages"}],"about":[{"href":"https:\/\/antonius-chor-wettingen.ch\/index.php\/wp-json\/wp\/v2\/types\/page"}],"author":[{"embeddable":true,"href":"https:\/\/antonius-chor-wettingen.ch\/index.php\/wp-json\/wp\/v2\/users\/1"}],"replies":[{"embeddable":true,"href":"https:\/\/antonius-chor-wettingen.ch\/index.php\/wp-json\/wp\/v2\/comments?post=43"}],"version-history":[{"count":7,"href":"https:\/\/antonius-chor-wettingen.ch\/index.php\/wp-json\/wp\/v2\/pages\/43\/revisions"}],"predecessor-version":[{"id":2626,"href":"https:\/\/antonius-chor-wettingen.ch\/index.php\/wp-json\/wp\/v2\/pages\/43\/revisions\/2626"}],"up":[{"embeddable":true,"href":"https:\/\/antonius-chor-wettingen.ch\/index.php\/wp-json\/wp\/v2\/pages\/12"}],"wp:attachment":[{"href":"https:\/\/antonius-chor-wettingen.ch\/index.php\/wp-json\/wp\/v2\/media?parent=43"}],"curies":[{"name":"wp","href":"https:\/\/api.w.org\/{rel}","templated":true}]}}

Chorporträt

<p class="wp-block-paragraph">Der Antonius-Chor ist der Kirchenchor der katholischen Pfarrei St. Anton in Wettingen. Gegründet wurde der Chor vom damaligen Pfarrer Alois Keusch im Jahr 1954. Im gleichen Jahr wurde auch die neugebaute Kirche St. Anton eingeweiht. Die bisherigen Dirigenten waren Edibert Herzog, Leo Steinmann, Konstantin Keiser und Thomas Schacher (1996–2018) und Giuseppe Raccuglia.  Seit Januar 2023 wird der Chor von Margit Klusch geleitet.</p>



<p class="wp-block-paragraph">Der Antonius-Chor zählt heute 25 Mitglieder. Bei den grösseren kirchenmusikalischen Projekten können wir auf einen Pool von Gastsängerinnen und Gastsängern zurückgreifen. Das Repertoire ist stilistisch vielfältig und erstreckt sich vom gregorianischen Choral bis zu &#8222;Rise up&#8220;-Liedern. Höhepunkte bilden jeweils die Orchestermessen zu Weihnachten, Ostern oder Pfingsten. Bei besonderen Gelegenheiten tritt der Chor auch konzertant auf. Im September 2014 feierten wir den 60.Geburtstag von Chor und Pfarrei mit einem Gemeinschaftskonzert, bei dem auch der Kirchenchor Cäcilia Spreitenbach und die Bridge Singers Würenlos mitwirkten.</p>



<h2 class="wp-block-heading">Geschichte</h2>



<p class="wp-block-paragraph"><em>(Text zum Pfarrei- und Chorjubiläum 2004)</em></p>



<p class="wp-block-paragraph">Nicht nur die Pfarrei St.Anton jubiliert dieses Jahr. Auch der Kirchenchor ist ein halbes Jahrhundert alt. Ein Grund, etwas Rückschau zu halten &#8230; <a href="https://antonius-chor-wettingen.ch/wp-content/uploads/2024/09/50-JahrJubilaeum-Antonius-Chor.pdf" target="_blank" rel="noreferrer noopener">mehr</a></p>



<p class="wp-block-paragraph"></p>

<p>Der Antonius-Chor ist der Kirchenchor der katholischen Pfarrei St. Anton in Wettingen. Gegründet wurde der Chor vom damaligen Pfarrer Alois Keusch im Jahr 1954. Im gleichen Jahr wurde auch die neugebaute Kirche St. Anton eingeweiht. Die bisherigen Dirigenten waren Edibert Herzog, Leo Steinmann, Konstantin Keiser und Thomas Schacher (1996–2018) und Giuseppe Raccuglia. Seit Januar 2023 &#8230; <a title="Chorporträt" class="read-more" href="https://antonius-chor-wettingen.ch/index.php/ueber-uns/chorportrat/">Weiterlesen <span class="screen-reader-text">Chorporträt</span></a></p>
