{"id":435,"date":"2022-12-27T17:49:03","date_gmt":"2022-12-27T17:49:03","guid":{"rendered":"https:\/\/antonius-chor-wettingen.ch\/?page_id=435"},"modified":"2024-01-06T10:37:17","modified_gmt":"2024-01-06T10:37:17","slug":"dirigentin","status":"publish","type":"page","link":"https:\/\/antonius-chor-wettingen.ch\/index.php\/ueber-uns\/dirigentin\/","title":{"rendered":"Dirigentin"},"content":{"rendered":"\n<figure class=\"wp-block-image size-medium\"><img loading=\"lazy\" decoding=\"async\" width=\"229\" height=\"300\" src=\"https:\/\/antonius-chor-wettingen.ch\/wp-content\/uploads\/2022\/12\/Margit-Klusch_3_2022-229x300.jpg\" alt=\"\" class=\"wp-image-437\" srcset=\"https:\/\/antonius-chor-wettingen.ch\/wp-content\/uploads\/2022\/12\/Margit-Klusch_3_2022-229x300.jpg 229w, https:\/\/antonius-chor-wettingen.ch\/wp-content\/uploads\/2022\/12\/Margit-Klusch_3_2022-780x1024.jpg 780w, https:\/\/antonius-chor-wettingen.ch\/wp-content\/uploads\/2022\/12\/Margit-Klusch_3_2022-768x1008.jpg 768w, https:\/\/antonius-chor-wettingen.ch\/wp-content\/uploads\/2022\/12\/Margit-Klusch_3_2022-1170x1536.jpg 1170w, https:\/\/antonius-chor-wettingen.ch\/wp-content\/uploads\/2022\/12\/Margit-Klusch_3_2022-1561x2048.jpg 1561w, https:\/\/antonius-chor-wettingen.ch\/wp-content\/uploads\/2022\/12\/Margit-Klusch_3_2022-scaled.jpg 1951w\" sizes=\"auto, (max-width: 229px) 100vw, 229px\" \/><\/figure>\n\n\n\n<p class=\"wp-block-paragraph\">Margit Klusch wuchs im deutschen Rheinland als Kind einer Familie auf, in der die Spannungsfelder verschiedener Herk\u00fcnfte Alltag waren. Musik durfte sie da von Anfang an als vereinendes Moment erfahren. Fr\u00fch wurde sie gef\u00f6rdert, durfte als Dreij\u00e4hrige mit dem Cellospiel beginnen. Schon vor der Schulzeit kam im Kindergarten das Singen im Chor hinzu, das dann durch die Blockfl\u00f6te \u2013 ein Muss f\u00fcr Alle \u2013 und das Klavier in der obligatorischen Schulzeit erg\u00e4nzt wurde.<\/p>\n\n\n\n<p class=\"wp-block-paragraph\">Das Cello blieb bis zu einer sehr ungl\u00fccklichen Verletzung Herzensangelegenheit. Sie konnte die entstandene L\u00fccke \u2013 Karriere-Pl\u00e4ne mussten aufgegeben werden, neue Optionen f\u00fcr ein berufliches Leben erst gefunden werden \u2013 aber schnell f\u00fcllen. Ein Studium der Musikwissenschaft kam ihrer Neugierde auf musikalische Hintergr\u00fcnde entgegen, ihre zun\u00e4chst freie Mitarbeit in der Tonhalle-Gesellschaft Z\u00fcrich f\u00f6rderte ihr Sprechen bzw. Schreiben \u00fcber Musik, \u00f6ffnete den Horizont f\u00fcr viele verschiedene Aspekte der Musik. Beim eigenen Musizieren verlagerte sich der Fokus auf die Chormusik, die stets zu ihrem Leben geh\u00f6rte und nun in den Mittelpunkt r\u00fcckte.<\/p>\n\n\n\n<p class=\"wp-block-paragraph\">Entscheidende Impulse bekam Margit Klusch f\u00fcr ihre Chorarbeit von Prof. Volker Hempfling (K\u00f6lner Kantorei) und Michael Reif (Europ\u00e4ischer Kammerchor), ausserdem von den Stimmbildnerinnen Sandra Werner, Denette Whitter und Sabine Horstmann. In ihre Familienzeit integrierte sie dann noch eine Ausbildung zur Kirchenmusikerin \u2013 u. A. bei Thomas Schacher.<\/p>\n\n\n\n<p class=\"wp-block-paragraph\">Seitdem leitet sie neben \u00abweltlichen\u00bb Ch\u00f6ren und Kinderch\u00f6ren auch immer Kirchench\u00f6re (z.B. in der Pfarrei Felix und Regula Z\u00fcrich und in der Pfarrei Christk\u00f6nig Turgi). Aufgewachsen in einem katholischen Umfeld liegt ihr besonders die Liturgie der katholischen Kirche nah und es ist ihr ein besonderes Anliegen, chorische Beitr\u00e4ge eines Gottesdienstes im Dienst der gesamten Gestaltung zu organisieren und so dazu beizutragen, dass die Musik des ihr anvertrauten Chores nahtlos zu einem stimmigen Gesamtergebnis f\u00fchrt.<\/p>\n\n\n\n<p class=\"has-text-align-center wp-block-paragraph\">****<\/p>\n\n\n\n<p class=\"wp-block-paragraph\">Wir freuen uns, dass wir mit Margit Klusch eine neue Leiterin f\u00fcr den Antonius-Chor gewinnen konnten. Unsere gemeinsame Probearbeit begann im Januar 2023.<\/p>\n","protected":false},"excerpt":{"rendered":"<p>Margit Klusch wuchs im deutschen Rheinland als Kind einer Familie auf, in der die Spannungsfelder verschiedener Herk\u00fcnfte Alltag waren. Musik durfte sie da von Anfang an als vereinendes Moment erfahren. Fr\u00fch wurde sie gef\u00f6rdert, durfte als Dreij\u00e4hrige mit dem Cellospiel beginnen. Schon vor der Schulzeit kam im Kindergarten das Singen im Chor hinzu, das dann &#8230; <a title=\"Dirigentin\" class=\"read-more\" href=\"https:\/\/antonius-chor-wettingen.ch\/index.php\/ueber-uns\/dirigentin\/\">Weiterlesen <span class=\"screen-reader-text\">Dirigentin<\/span><\/a><\/p>\n","protected":false},"author":2,"featured_media":0,"parent":12,"menu_order":2,"comment_status":"closed","ping_status":"closed","template":"","meta":{"_acf_changed":false,"footnotes":""},"class_list":["post-435","page","type-page","status-publish"],"acf":[],"jetpack_sharing_enabled":true,"_links":{"self":[{"href":"https:\/\/antonius-chor-wettingen.ch\/index.php\/wp-json\/wp\/v2\/pages\/435","targetHints":{"allow":["GET"]}}],"collection":[{"href":"https:\/\/antonius-chor-wettingen.ch\/index.php\/wp-json\/wp\/v2\/pages"}],"about":[{"href":"https:\/\/antonius-chor-wettingen.ch\/index.php\/wp-json\/wp\/v2\/types\/page"}],"author":[{"embeddable":true,"href":"https:\/\/antonius-chor-wettingen.ch\/index.php\/wp-json\/wp\/v2\/users\/2"}],"replies":[{"embeddable":true,"href":"https:\/\/antonius-chor-wettingen.ch\/index.php\/wp-json\/wp\/v2\/comments?post=435"}],"version-history":[{"count":3,"href":"https:\/\/antonius-chor-wettingen.ch\/index.php\/wp-json\/wp\/v2\/pages\/435\/revisions"}],"predecessor-version":[{"id":1088,"href":"https:\/\/antonius-chor-wettingen.ch\/index.php\/wp-json\/wp\/v2\/pages\/435\/revisions\/1088"}],"up":[{"embeddable":true,"href":"https:\/\/antonius-chor-wettingen.ch\/index.php\/wp-json\/wp\/v2\/pages\/12"}],"wp:attachment":[{"href":"https:\/\/antonius-chor-wettingen.ch\/index.php\/wp-json\/wp\/v2\/media?parent=435"}],"curies":[{"name":"wp","href":"https:\/\/api.w.org\/{rel}","templated":true}]}}

<figure class="wp-block-image size-medium"><img loading="lazy" decoding="async" width="229" height="300" src="https://antonius-chor-wettingen.ch/wp-content/uploads/2022/12/Margit-Klusch_3_2022-229x300.jpg" alt="" class="wp-image-437" srcset="https://antonius-chor-wettingen.ch/wp-content/uploads/2022/12/Margit-Klusch_3_2022-229x300.jpg 229w, https://antonius-chor-wettingen.ch/wp-content/uploads/2022/12/Margit-Klusch_3_2022-780x1024.jpg 780w, https://antonius-chor-wettingen.ch/wp-content/uploads/2022/12/Margit-Klusch_3_2022-768x1008.jpg 768w, https://antonius-chor-wettingen.ch/wp-content/uploads/2022/12/Margit-Klusch_3_2022-1170x1536.jpg 1170w, https://antonius-chor-wettingen.ch/wp-content/uploads/2022/12/Margit-Klusch_3_2022-1561x2048.jpg 1561w, https://antonius-chor-wettingen.ch/wp-content/uploads/2022/12/Margit-Klusch_3_2022-scaled.jpg 1951w" sizes="auto, (max-width: 229px) 100vw, 229px" /></figure>



<p class="wp-block-paragraph">Margit Klusch wuchs im deutschen Rheinland als Kind einer Familie auf, in der die Spannungsfelder verschiedener Herkünfte Alltag waren. Musik durfte sie da von Anfang an als vereinendes Moment erfahren. Früh wurde sie gefördert, durfte als Dreijährige mit dem Cellospiel beginnen. Schon vor der Schulzeit kam im Kindergarten das Singen im Chor hinzu, das dann durch die Blockflöte – ein Muss für Alle – und das Klavier in der obligatorischen Schulzeit ergänzt wurde.</p>



<p class="wp-block-paragraph">Das Cello blieb bis zu einer sehr unglücklichen Verletzung Herzensangelegenheit. Sie konnte die entstandene Lücke – Karriere-Pläne mussten aufgegeben werden, neue Optionen für ein berufliches Leben erst gefunden werden – aber schnell füllen. Ein Studium der Musikwissenschaft kam ihrer Neugierde auf musikalische Hintergründe entgegen, ihre zunächst freie Mitarbeit in der Tonhalle-Gesellschaft Zürich förderte ihr Sprechen bzw. Schreiben über Musik, öffnete den Horizont für viele verschiedene Aspekte der Musik. Beim eigenen Musizieren verlagerte sich der Fokus auf die Chormusik, die stets zu ihrem Leben gehörte und nun in den Mittelpunkt rückte.</p>



<p class="wp-block-paragraph">Entscheidende Impulse bekam Margit Klusch für ihre Chorarbeit von Prof. Volker Hempfling (Kölner Kantorei) und Michael Reif (Europäischer Kammerchor), ausserdem von den Stimmbildnerinnen Sandra Werner, Denette Whitter und Sabine Horstmann. In ihre Familienzeit integrierte sie dann noch eine Ausbildung zur Kirchenmusikerin – u. A. bei Thomas Schacher.</p>



<p class="wp-block-paragraph">Seitdem leitet sie neben «weltlichen» Chören und Kinderchören auch immer Kirchenchöre (z.B. in der Pfarrei Felix und Regula Zürich und in der Pfarrei Christkönig Turgi). Aufgewachsen in einem katholischen Umfeld liegt ihr besonders die Liturgie der katholischen Kirche nah und es ist ihr ein besonderes Anliegen, chorische Beiträge eines Gottesdienstes im Dienst der gesamten Gestaltung zu organisieren und so dazu beizutragen, dass die Musik des ihr anvertrauten Chores nahtlos zu einem stimmigen Gesamtergebnis führt.</p>



<p class="has-text-align-center wp-block-paragraph">****</p>



<p class="wp-block-paragraph">Wir freuen uns, dass wir mit Margit Klusch eine neue Leiterin für den Antonius-Chor gewinnen konnten. Unsere gemeinsame Probearbeit begann im Januar 2023.</p>

<p>Margit Klusch wuchs im deutschen Rheinland als Kind einer Familie auf, in der die Spannungsfelder verschiedener Herkünfte Alltag waren. Musik durfte sie da von Anfang an als vereinendes Moment erfahren. Früh wurde sie gefördert, durfte als Dreijährige mit dem Cellospiel beginnen. Schon vor der Schulzeit kam im Kindergarten das Singen im Chor hinzu, das dann &#8230; <a title="Dirigentin" class="read-more" href="https://antonius-chor-wettingen.ch/index.php/ueber-uns/dirigentin/">Weiterlesen <span class="screen-reader-text">Dirigentin</span></a></p>
